{"id":1252,"date":"2021-01-17T17:20:00","date_gmt":"2021-01-17T16:20:00","guid":{"rendered":"http:\/\/www.djeci.fr\/book\/?post_type=portfolio&#038;p=1252"},"modified":"2021-01-19T15:16:39","modified_gmt":"2021-01-19T14:16:39","slug":"plaquette-vinci-concarneau","status":"publish","type":"portfolio","link":"http:\/\/www.djeci.fr\/book\/portfolio\/plaquette-vinci-concarneau\/","title":{"rendered":"PLAQUETTE"},"content":{"rendered":"\n<h4 class=\"wp-block-heading\">PLAQUETTE IMMOBILI\u00c8RE<\/h4>\n\n\n\n<h6 class=\"wp-block-heading\">CR\u00c9ATION &amp; R\u00c9ALISATION<\/h6>\n\n\n\n<p><br>Plaquette commerciale d&rsquo;un programme immobilier<br>4 volets &#8211; Format 220 x 305 mm fini avec rabat en pied, recevant 3 fiches produit A4.<br>Pelliculage mat total et brillant s\u00e9lectif.<\/p>\n","protected":false},"excerpt":{"rendered":"<p>PLAQUETTE IMMOBILI\u00c8RE CR\u00c9ATION &amp; R\u00c9ALISATION Plaquette commerciale d&rsquo;un programme immobilier4 volets &#8211; Format 220 x 305 mm fini avec rabat en pied, recevant 3 fiches produit A4.Pelliculage mat total et brillant s\u00e9lectif.<\/p>\n","protected":false},"featured_media":1272,"comment_status":"closed","ping_status":"closed","template":"","portfolio_cat":[8],"portfolio_skill":[],"class_list":["post-1252","portfolio","type-portfolio","status-publish","has-post-thumbnail","hentry","portfolio_cat-print"],"_links":{"self":[{"href":"http:\/\/www.djeci.fr\/book\/wp-json\/wp\/v2\/portfolio\/1252","targetHints":{"allow":["GET"]}}],"collection":[{"href":"http:\/\/www.djeci.fr\/book\/wp-json\/wp\/v2\/portfolio"}],"about":[{"href":"http:\/\/www.djeci.fr\/book\/wp-json\/wp\/v2\/types\/portfolio"}],"replies":[{"embeddable":true,"href":"http:\/\/www.djeci.fr\/book\/wp-json\/wp\/v2\/comments?post=1252"}],"version-history":[{"count":0,"href":"http:\/\/www.djeci.fr\/book\/wp-json\/wp\/v2\/portfolio\/1252\/revisions"}],"wp:featuredmedia":[{"embeddable":true,"href":"http:\/\/www.djeci.fr\/book\/wp-json\/wp\/v2\/media\/1272"}],"wp:attachment":[{"href":"http:\/\/www.djeci.fr\/book\/wp-json\/wp\/v2\/media?parent=1252"}],"wp:term":[{"taxonomy":"portfolio_cat","embeddable":true,"href":"http:\/\/www.djeci.fr\/book\/wp-json\/wp\/v2\/portfolio_cat?post=1252"},{"taxonomy":"portfolio_skill","embeddable":true,"href":"http:\/\/www.djeci.fr\/book\/wp-json\/wp\/v2\/portfolio_skill?post=1252"}],"curies":[{"name":"wp","href":"https:\/\/api.w.org\/{rel}","templated":true}]}}

<h4 class="wp-block-heading">PLAQUETTE IMMOBILIÈRE</h4>



<h6 class="wp-block-heading">CRÉATION &amp; RÉALISATION</h6>



<p><br>Plaquette commerciale d&rsquo;un programme immobilier<br>4 volets &#8211; Format 220 x 305 mm fini avec rabat en pied, recevant 3 fiches produit A4.<br>Pelliculage mat total et brillant sélectif.</p>

<p>PLAQUETTE IMMOBILIÈRE CRÉATION &amp; RÉALISATION Plaquette commerciale d&rsquo;un programme immobilier4 volets &#8211; Format 220 x 305 mm fini avec rabat en pied, recevant 3 fiches produit A4.Pelliculage mat total et brillant sélectif.</p>
