{"id":1389,"date":"2021-01-22T16:59:57","date_gmt":"2021-01-22T15:59:57","guid":{"rendered":"http:\/\/www.djeci.fr\/book\/?post_type=portfolio&#038;p=1389"},"modified":"2021-02-03T15:57:38","modified_gmt":"2021-02-03T14:57:38","slug":"posters-peugeot-908","status":"publish","type":"portfolio","link":"http:\/\/www.djeci.fr\/book\/portfolio\/posters-peugeot-908\/","title":{"rendered":"POSTERS"},"content":{"rendered":"\n<h4 class=\"wp-block-heading\">POSTERS DE D\u00c9DICACES PILOTES<\/h4>\n\n\n\n<h6 class=\"wp-block-heading\">CR\u00c9ATION GRAPHIQUE &amp; EX\u00c9CUTION<\/h6>\n\n\n\n<p>Format 680 x 260 mm<br>\u2022 Lancement de saison<br>\u2022 12H de Sebring<br>\u2022 1000 km de Spa-Francorchamps<br>\u2022 24H du Mans<br>\u2022 6H d&rsquo;Imola<br>\u2022 6H de Zhuha\u00ef<br>\u2022 12H de Sebring 2012 \u00ab\u00a0908 Hybrid\u00a0\u00bb<\/p>\n","protected":false},"excerpt":{"rendered":"<p>POSTERS DE D\u00c9DICACES PILOTES CR\u00c9ATION GRAPHIQUE &amp; EX\u00c9CUTION Format 680 x 260 mm\u2022 Lancement de saison\u2022 12H de Sebring\u2022 1000 km de Spa-Francorchamps\u2022 24H du Mans\u2022 6H d&rsquo;Imola\u2022 6H de Zhuha\u00ef\u2022 12H de Sebring 2012 \u00ab\u00a0908 Hybrid\u00a0\u00bb<\/p>\n","protected":false},"featured_media":1381,"comment_status":"closed","ping_status":"closed","template":"","portfolio_cat":[8],"portfolio_skill":[],"class_list":["post-1389","portfolio","type-portfolio","status-publish","has-post-thumbnail","hentry","portfolio_cat-print"],"_links":{"self":[{"href":"http:\/\/www.djeci.fr\/book\/wp-json\/wp\/v2\/portfolio\/1389","targetHints":{"allow":["GET"]}}],"collection":[{"href":"http:\/\/www.djeci.fr\/book\/wp-json\/wp\/v2\/portfolio"}],"about":[{"href":"http:\/\/www.djeci.fr\/book\/wp-json\/wp\/v2\/types\/portfolio"}],"replies":[{"embeddable":true,"href":"http:\/\/www.djeci.fr\/book\/wp-json\/wp\/v2\/comments?post=1389"}],"version-history":[{"count":0,"href":"http:\/\/www.djeci.fr\/book\/wp-json\/wp\/v2\/portfolio\/1389\/revisions"}],"wp:featuredmedia":[{"embeddable":true,"href":"http:\/\/www.djeci.fr\/book\/wp-json\/wp\/v2\/media\/1381"}],"wp:attachment":[{"href":"http:\/\/www.djeci.fr\/book\/wp-json\/wp\/v2\/media?parent=1389"}],"wp:term":[{"taxonomy":"portfolio_cat","embeddable":true,"href":"http:\/\/www.djeci.fr\/book\/wp-json\/wp\/v2\/portfolio_cat?post=1389"},{"taxonomy":"portfolio_skill","embeddable":true,"href":"http:\/\/www.djeci.fr\/book\/wp-json\/wp\/v2\/portfolio_skill?post=1389"}],"curies":[{"name":"wp","href":"https:\/\/api.w.org\/{rel}","templated":true}]}}

<h4 class="wp-block-heading">POSTERS DE DÉDICACES PILOTES</h4>



<h6 class="wp-block-heading">CRÉATION GRAPHIQUE &amp; EXÉCUTION</h6>



<p>Format 680 x 260 mm<br>• Lancement de saison<br>• 12H de Sebring<br>• 1000 km de Spa-Francorchamps<br>• 24H du Mans<br>• 6H d&rsquo;Imola<br>• 6H de Zhuhaï<br>• 12H de Sebring 2012 « 908 Hybrid »</p>

<p>POSTERS DE DÉDICACES PILOTES CRÉATION GRAPHIQUE &amp; EXÉCUTION Format 680 x 260 mm• Lancement de saison• 12H de Sebring• 1000 km de Spa-Francorchamps• 24H du Mans• 6H d&rsquo;Imola• 6H de Zhuhaï• 12H de Sebring 2012 « 908 Hybrid »</p>
