{"id":2006,"date":"2021-11-29T11:59:31","date_gmt":"2021-11-29T10:59:31","guid":{"rendered":"http:\/\/www.djeci.fr\/book\/?post_type=portfolio&#038;p=2006"},"modified":"2021-12-08T17:50:20","modified_gmt":"2021-12-08T16:50:20","slug":"w-i-p-3","status":"publish","type":"portfolio","link":"http:\/\/www.djeci.fr\/book\/portfolio\/w-i-p-3\/","title":{"rendered":"LOGOTYPE"},"content":{"rendered":"\n<h4 class=\"wp-block-heading\">IDENTIT\u00c9 GRAPHIQUE &amp; ENVIRONNEMENT VISUEL<\/h4>\n\n\n\n<h6 class=\"wp-block-heading\">CR\u00c9ATION GRAPHIQUE &amp; R\u00c9ALISATION<\/h6>\n\n\n\n<p>Cabinet de sophrologie<br>Cr\u00e9ation du logo &#8211; Supports commerciaux<br>Cartes de visite\u2026<\/p>\n","protected":false},"excerpt":{"rendered":"<p>IDENTIT\u00c9 GRAPHIQUE &amp; ENVIRONNEMENT VISUEL CR\u00c9ATION GRAPHIQUE &amp; R\u00c9ALISATION Cabinet de sophrologieCr\u00e9ation du logo &#8211; Supports commerciauxCartes de visite\u2026<\/p>\n","protected":false},"featured_media":2035,"comment_status":"closed","ping_status":"closed","template":"","portfolio_cat":[8,10],"portfolio_skill":[],"class_list":["post-2006","portfolio","type-portfolio","status-publish","has-post-thumbnail","hentry","portfolio_cat-print","portfolio_cat-identite-visuelle"],"_links":{"self":[{"href":"http:\/\/www.djeci.fr\/book\/wp-json\/wp\/v2\/portfolio\/2006","targetHints":{"allow":["GET"]}}],"collection":[{"href":"http:\/\/www.djeci.fr\/book\/wp-json\/wp\/v2\/portfolio"}],"about":[{"href":"http:\/\/www.djeci.fr\/book\/wp-json\/wp\/v2\/types\/portfolio"}],"replies":[{"embeddable":true,"href":"http:\/\/www.djeci.fr\/book\/wp-json\/wp\/v2\/comments?post=2006"}],"version-history":[{"count":0,"href":"http:\/\/www.djeci.fr\/book\/wp-json\/wp\/v2\/portfolio\/2006\/revisions"}],"wp:featuredmedia":[{"embeddable":true,"href":"http:\/\/www.djeci.fr\/book\/wp-json\/wp\/v2\/media\/2035"}],"wp:attachment":[{"href":"http:\/\/www.djeci.fr\/book\/wp-json\/wp\/v2\/media?parent=2006"}],"wp:term":[{"taxonomy":"portfolio_cat","embeddable":true,"href":"http:\/\/www.djeci.fr\/book\/wp-json\/wp\/v2\/portfolio_cat?post=2006"},{"taxonomy":"portfolio_skill","embeddable":true,"href":"http:\/\/www.djeci.fr\/book\/wp-json\/wp\/v2\/portfolio_skill?post=2006"}],"curies":[{"name":"wp","href":"https:\/\/api.w.org\/{rel}","templated":true}]}}

<h4 class="wp-block-heading">IDENTITÉ GRAPHIQUE &amp; ENVIRONNEMENT VISUEL</h4>



<h6 class="wp-block-heading">CRÉATION GRAPHIQUE &amp; RÉALISATION</h6>



<p>Cabinet de sophrologie<br>Création du logo &#8211; Supports commerciaux<br>Cartes de visite…</p>

<p>IDENTITÉ GRAPHIQUE &amp; ENVIRONNEMENT VISUEL CRÉATION GRAPHIQUE &amp; RÉALISATION Cabinet de sophrologieCréation du logo &#8211; Supports commerciauxCartes de visite…</p>
